Calculate the greatest common factor of h and z.
8
Let j be 0 + -4 - (-6 + -5 + -266). Calculate the highest common factor of 21 and j.
21
Let w = -15 - -8. Let z be (4/w)/(10/(-35)). Suppose 8 = z*m - l - l, -4*m = -2*l - 26. Calculate the greatest common factor of 27 and m.
9
Suppose -17*l = 6*l - 184. What is the greatest common divisor of 136 and l?
8
Let a be (-10)/((-3)/(-21)*1). Suppose 4*d - 364 = -2*c, 5*d - 2*c = 573 - 127. Let j be d/(-75)*a/4. Calculate the greatest common factor of 63 and j.
21
Let b be (1*4/6)/((-17)/(-2091)). What is the greatest common divisor of 4 and b?
2
Let c(w) = 8*w - 44. Let r be c(7). Suppose -13*v = -r*v - 189. What is the greatest common factor of 21 and v?
21
Suppose -2 = -5*b - 77. Let p be -1 + b/(-21) + (-4044)/(-42). Let d be (1 - -23)/((-6)/(-16)). Calculate the highest common divisor of p and d.
32
Let h(o) = -o**3 - 2*o**2 + 33*o + 225. Let s be h(0). Let c = 28 - 19. What is the greatest common factor of s and c?
9
Let m = 122 + -68. Suppose -6*b = -4*b - m. Calculate the highest common factor of 36 and b.
9
Suppose -3*d + 86 = 2*c - 32, -2*c = 4*d - 120. Let f = c + -38. Suppose m - 2*s - 12 = -0*m, 2*s + 6 = 0. What is the greatest common factor of f and m?
6
Suppose -72 = -7*p + 124. Let u = -33 - -47. What is the highest common factor of p and u?
14
Let y(x) = x**3 + 11*x**2 - 10*x - 17. Let a be y(-11). Calculate the greatest common divisor of a and 62.
31
Let a be 48/(-2)*(-1)/3. Let g be (-3 + 6)*a/(-12). Let j = g + 11. Calculate the highest common divisor of 36 and j.
9
Let v be 3 - 4/(-16)*4. Let q = 15 + -13. What is the greatest common divisor of v and q?
2
Let m(v) = v + 24. Let h be m(0). Let s(y) = 5*y - 2. Let i be s(1). What is the greatest common divisor of i and h?
3
Suppose 3*a + 2*a + 3*p - 423 = 0, 250 = 3*a - 2*p. Suppose 5*f - 21 + 1 = 0. Suppose 5*m - f*m = 56. Calculate the greatest common factor of m and a.
28
Suppose -10*i = -8*i - 10840. What is the highest common divisor of 20 and i?
20
Suppose 5 - 45 = -8*g. Let f(y) = 10*y**2 + 3*y + 2 - 1 - 10*y. Let q be f(g). What is the highest common factor of q and 27?
27
Suppose 56 = 3*f - 2*f. What is the highest common factor of f and 56?
56
Let t = -87 + 91. What is the highest common divisor of 56 and t?
4
Suppose 6*g - 6 = -36. Let i be (g - (-4)/8)*(-8)/3. Suppose -165 = -3*k + 123. Calculate the greatest common divisor of k and i.
12
Let w(h) = -h**3 - 3*h**2 - 5*h + 10. Let k be w(-7). Suppose 0 = -l - 70 + k. What is the greatest common factor of l and 19?
19
Let v(w) = 82*w - 32. Let h be v(5). Calculate the greatest common factor of h and 28.
14
Let k = 4 + 63. Let l = k + -13. Suppose -s = -173 + l. Calculate the highest common divisor of 17 and s.
17
Let h be (16/(-3) - -2)*-3. Let o(y) = 1. Let t(j) = 3*j + 20. Let u(v) = -6*o(v) + t(v). Let x be u(h). Calculate the greatest common factor of x and 4.
4
Let q = 373 + -221. Let b(p) = p + 34. Let g be b(4). What is the highest common factor of q and g?
38
Suppose 4*z = 7*z + 24. Let j be 30/z + (-8)/32. Let b be (-12)/j*(4 - 2). What is the highest common divisor of 42 and b?
6
Let i = 134 - 0. Let g = i + -133. What is the highest common factor of g and 6?
1
Suppose 0 = 4*y - y - 36. Let n be 120*(54/(-120))/(39/(-104)). What is the highest common factor of n and y?
12
Suppose 0 = 3*z - 0*z - 33. Let v be (-4)/(((-4)/10)/(-2)). Let m = 42 + v. Calculate the highest common divisor of z and m.
11
Let s be (-41 + 41)/(1*-2). Suppose s*b + b + 2*w - 23 = 0, 5*b + 2*w = 75. What is the highest common factor of 52 and b?
13
Let j(i) = i**2 + i - 8. Suppose -2*k - 6 = 6. Let f be j(k). Let u = -9 + 42. Calculate the highest common divisor of f and u.
11
Suppose 13*h - 56 + 17 = 0. Let t = -4 + 88. Suppose -g - 5*v + 21 = -0*v, -4*v = -4*g + t. What is the highest common divisor of g and h?
3
Suppose 9*z = 43 + 38. Calculate the greatest common factor of 477 and z.
9
Suppose 12*i + 69 = 285. What is the highest common factor of 15 and i?
3
Let w(k) = 3*k**2 - 14*k + 1. Let d be w(5). Calculate the highest common factor of 48 and d.
6
Suppose -2*z + 5*z = 0. Suppose 2*v - 44 - 56 = z. Let q be v + 3/6*-2. What is the highest common factor of q and 7?
7
Let h = 169 + -141. What is the greatest common factor of 28 and h?
28
Suppose 0 = -2*t - 10*t + 3612. Calculate the highest common factor of 7 and t.
7
Suppose -20 = 5*y, 5*y = -6*j + 4*j + 276. What is the greatest common factor of j and 74?
74
Let l be (1/(-4))/(2/(-16)). Let g be 5 - l - (2 - 0). Suppose -4*r + 31 = -g. What is the greatest common factor of 56 and r?
8
Suppose v - 2*j = -0*v + 11, 3*v + 5*j = 66. Let o(k) = -k + 24. Let z be (4 - 0) + 2 - -1. Let i be o(z). Calculate the highest common divisor of v and i.
17
Suppose k + 3*w - 25 = 0, -23*k + 21*k = 5*w - 53. Calculate the greatest common factor of k and 1462.
34
Let b(f) = -2*f**3 - 7*f**2 + 21*f + 106. Let g be b(-4). What is the highest common divisor of 1178 and g?
38
Let r = 36 + -31. Let k be ((-2)/3)/(r/120*-2). What is the greatest common divisor of k and 8?
8
Suppose -132 = -5*f + q, 4*q + q + 88 = 3*f. Let g be 6/(-9)*18/4. Let k be 189/(g/(-1)) + 2. Calculate the greatest common divisor of k and f.
13
Let m(w) = w**2 + 4*w - 7. Let v be m(-7). Suppose -3 = -o - 2. Suppose o = -h + j + 3, -j = -2*h + 4. What is the greatest common factor of h and v?
2
Let l be -1*2*(0 + -2). Let m(w) be the first derivative of 5*w**3/3 + 2*w**2 - 30. Let s be m(2). What is the highest common factor of s and l?
4
Let a be (12/18)/(1 + 416/(-420)). Calculate the highest common factor of 14 and a.
14
Suppose -2 + 11 = -f + 5*q, 3*q = 6. Let i be (-1 - f) + (5 - 3). Suppose i = -3*n - n + 640. What is the greatest common divisor of 64 and n?
32
Let o(x) = -x**3 + 7*x**2 + 8*x + 13. Let l be o(8). What is the greatest common divisor of l and 169?
13
Let i = 95 + -15. Let s(p) be the first derivative of p**4/4 - 2*p**3/3 - 5*p**2/2 - 2*p - 3. Let w be s(4). Calculate the highest common divisor of i and w.
10
Let c(m) = m**3 + 24*m**2 + 4. Let g be c(-24). Suppose 13 + 5 = 3*x. Suppose 46 = x*q - g*q. What is the greatest common factor of 23 and q?
23
Let p = -54 + 92. Suppose 3*y = y + 82. Let o = 136 - y. What is the highest common factor of p and o?
19
Let x = -122 + 123. Let t be 30/x - (-14 - -14). What is the greatest common divisor of 6 and t?
6
Let y = 171 + -111. Let l be 1/(-2)*2 - 56. Let h = -37 - l. Calculate the highest common divisor of y and h.
20
Suppose -2*h + 32 + 22 = 0. Suppose h = 5*o - 3. Let z be -2 + o + -4 + 3. Calculate the highest common factor of 18 and z.
3
Suppose 3*w + 2*q = 258, -2*w - 3*q + 4*q = -165. Calculate the highest common divisor of 21 and w.
21
Let w = -292 - -306. Let o = 11 + -9. What is the greatest common factor of w and o?
2
Let g = -20 + 37. Suppose 3*q - g = 19. What is the greatest common factor of 6 and q?
6
Let k = 202 + 646. What is the greatest common factor of 53 and k?
53
Let s = 87 + -167. Let c = 113 + s. Let u(d) = -d**3 - d**2 + 3*d + 2. Let v be u(-3). What is the highest common factor of v and c?
11
Let o = 621 + -609. What is the greatest common factor of 132 and o?
12
Suppose u = 5*u - 812. Let a(r) = -161*r**2 - r - 1 + 145*r**2 + 18*r + r**3. Let x be a(15). Calculate the highest common factor of x and u.
29
Let h(g) = -4*g - 147. Let v be h(-39). Calculate the highest common divisor of v and 4.
1
Let u(w) = w**3 - 13*w**2 - 13*w - 10. Let s be u(14). Suppose 6 + s = 2*f, 3*i + 5*f = 85. What is the greatest common factor of 40 and i?
20
Let g(y) = 153*y + 3. Let i be g(1). Suppose -13*v + i = -7*v. Calculate the greatest common factor of 65 and v.
13
Let l be (18/(-2 + -1))/(1/3). Let a be (-2 + 8)/(-2) - (l - -14). Calculate the greatest common factor of a and 4.
1
Let n be (-250)/4*16/(4/(-2)). Calculate the highest common factor of n and 20.
20
Suppose -18*z + 80 = -10*z. Let i(v) = v**3 - 10*v**2 + 7*v - 6. Let h be i(z). Let j be (-1)/(-5)*-32*-15. Calculate the greatest common factor of h and j.
32
Suppose -515 = -2*r - 135. Let v = r + -118. Calculate the greatest common divisor of 18 and v.
18
Let m be (-1)/(-5) + 7/(-35). Let d = 6 + m. Calculate the greatest common factor of 15 an